157 + -65. List the prime factors of v.
2, 23
Suppose 3*u - 37 = 4*b, 2*u + 2*b - 4*b = 26. What are the prime factors of u?
3, 5
Let o(a) = -a**3 + a - 1. Let z be o(-2). Let h = z - 3. Suppose -5*y + 3*r = -83, -2*y + 0*r = h*r - 46. List the prime factors of y.
19
Let z(q) = q**3 - 12*q**2 + 3*q - 8. List the prime factors of z(12).
2, 7
Let y(p) = 3*p**2 + 2. Let r be y(-3). Suppose -r = -3*t - g, -3*g + 0*g - 1 = t. List the prime factors of t.
11
Suppose 0*r + 120 = 4*r. What are the prime factors of r?
2, 3, 5
Let x be (-24)/(-3 + (-2)/(-1)). Suppose -x = -g - 2*l, g - 3*l = -3*g + 41. List the prime factors of g.
2, 7
Let f(z) = 95*z**2 + z - 1. Let r be f(1). Suppose -5*h + r = -0*h. What are the prime factors of h?
19
Let z(m) = 0*m + 2*m - m - 5. Let k be z(7). Suppose k*y = 7*y - 40. What are the prime factors of y?
2
Let v = -14 + 36. List the prime factors of v.
2, 11
What are the prime factors of (-1 + -80)/(-11 + 10)?
3
Let u(n) = -n**2 - 15*n + 16. What are the prime factors of u(-8)?
2, 3
Let d(x) = x - 8. Let i(g) = -1. Let w(k) = d(k) - 6*i(k). What are the prime factors of w(5)?
3
Let q be (-2 + 1 + 9)*1. List the prime factors of (q/(-10))/(2/(-35)).
2, 7
Suppose -8*f = -5*f - 45. What are the prime factors of -6 + 9 + f*1?
2, 3
Let j(k) = k**3 + 14*k**2 - 2*k - 2. What are the prime factors of j(-14)?
2, 13
Let t(r) be the first derivative of -r**2/2 - 11*r - 3. What are the prime factors of t(-16)?
5
Let v = -129 - -197. What are the prime factors of v?
2, 17
Let g(h) = -h**2 + h + 22. Suppose -p = 2*l - 2, -4*p - 2*l + 4 = 2*l. List the prime factors of g(p).
2, 11
Suppose -95 = -4*l - 27. Suppose 3*y = 2*n + 38, n - 6 = -2*y + l. What are the prime factors of y?
2, 3
Suppose v - 4*p - 1 = 1, 3*v - 3*p - 6 = 0. List the prime factors of (2/1)/v*7.
7
Suppose -26 = -5*q - 86. What are the prime factors of ((-2)/(-3))/(q/(-918))?
3, 17
Suppose 0 = -5*x - 12 + 32. Suppose 0 = 2*r - 2, 6*r = -x*o + r + 81. What are the prime factors of o?
19
Let w(h) = h**2 + 5*h - 8. Let y = -27 - -19. What are the prime factors of w(y)?
2
What are the prime factors of 5 - 1 - (-3 + 5)?
2
Suppose -4*l + 0*w - 16 = -4*w, 0 = 5*w - 10. Let y = l - -7. Suppose 0 = r + y, s + r - 2 = -0*r. What are the prime factors of s?
7
Let t be 4 - (2 + 0) - -2. Suppose 3*n + 27 = t*s - 0*n, -3*s - n = -17. Let i = 28 - s. What are the prime factors of i?
2, 11
Let o(g) = 4*g. List the prime factors of o(4).
2
What are the prime factors of 324/10 + (-20)/50?
2
What are the prime factors of (2/2)/(5*(-6)/(-2130))?
71
Suppose -3*t = -4*o + 39, o - t = -o + 21. Suppose -3*y = 3*f + f - o, f + 14 = -5*y. List the prime factors of f.
2, 3
Suppose 0 = 5*q - 8*f + 4*f - 24, 0 = -q - 4*f. List the prime factors of q.
2
Suppose 73 = -4*d - 5*b, 5*d + 0*b + 55 = b. Let f = 28 + d. What are the prime factors of f?
2
Let h(x) = -x - 1. Suppose -2*i - 2*i = 12. Let m be h(i). Suppose -m = 2*l - 14. List the prime factors of l.
2, 3
Suppose -2*y + 2*n + 54 = 0, -2*y - n + 63 = -6*n. Suppose -5*v + y + 17 = 4*p, v + 35 = 4*p. Suppose c - 6 = p. What are the prime factors of c?
3, 5
Let w = 14 + 2. What are the prime factors of w*(3 - (-2)/(-1))?
2
Let j(k) = -2*k - 3. Let n = 12 + -7. Let g(s) = -s**3 + 5*s**2 - 2*s + 2. Let d be g(n). List the prime factors of j(d).
13
Suppose 0 = -o - s + 15, -5*o + 5*s + 38 = -7. What are the prime factors of o?
2, 3
Suppose 2*g = -g - 15, 5*r = -3*g - 20. Let o = -8 + r. What are the prime factors of (-4)/((-3)/o*-1)?
2, 3
What are the prime factors of 536/18 + (-6)/(-27)?
2, 3, 5
Suppose -3*f + 2558 = 5*x + 7397, -3*f = 3*x + 2907. What are the prime factors of 4/14 - x/49?
2, 5
Let v = -48 - -87. What are the prime factors of v?
3, 13
Let l = 25 - 13. Suppose l = 5*r - 43. What are the prime factors of r?
11
Let r be 4/10 - (-48)/30. Let p be ((-3)/(-2))/(1/r). Suppose -5*b = -83 + p. What are the prime factors of b?
2
List the prime factors of 9/(27/(-102))*-2.
2, 17
Let j = -119 - -174. List the prime factors of j.
5, 11
Let q = 175 - 55. What are the prime factors of q?
2, 3, 5
Suppose 3*z - 2*w = 18, 4*z + 0*z - 2*w = 22. Suppose -3*j = z*a - 9*a - 41, 4 = -a. What are the prime factors of j?
7
Let h = 101 - 56. Suppose 5*f - 7 = -3*c + h, 0 = -2*f + 10. List the prime factors of c.
3
Let j = 99 - 34. What are the prime factors of j?
5, 13
Suppose 0 = c + 3*z - 3, 3*z = -3*c - 2*z + 17. Let l(x) = 2*x - 12. Let i be l(c). Let w(s) = s**3 - 6*s**2 + s + 7. List the prime factors of w(i).
13
Let v(j) = j + 1. Let h(w) = 10*w + 3. Let q(u) = -h(u) + 2*v(u). List the prime factors of q(-1).
7
Let l be -3 + (1 - 1) + -22. Let w = l + 48. List the prime factors of w.
23
What are the prime factors of -2*15/10 + 7*5?
2
Let b be (0 - -12)*10/(-15). Let d be -1 - 0 - b/4. List the prime factors of (3 - d)*(-4)/(-1).
2
Let k = -47 + 75. List the prime factors of k.
2, 7
Let c(q) = q**3 + 6*q**2 - 6*q + 7. Let v be c(-7). Suppose -3*i - 24 = -4*i. Suppose v*r - i = -4*r - 5*p, 6 = r - 3*p. What are the prime factors of r?
2, 3
Let s(b) = -6*b + 12. What are the prime factors of s(-4)?
2, 3
Let v = 2 + 2. Suppose 0 = -c - v*l - 17, 5*c = l + 3*l + 35. Suppose -4*k + 5*o = -46, 3*k - 6*o = -c*o + 33. List the prime factors of k.
3
Let l(i) = -i - 1. Let w be l(5). Let t = w + 12. List the prime factors of t.
2, 3
Let q(f) = -60*f - 41. List the prime factors of q(-4).
199
Suppose 159 + 85 = 2*u. What are the prime factors of u?
2, 61
Let w(b) = b + 1. Let r(u) = -3*u + 2. Let k(y) = -r(y) - 6*w(y). What are the prime factors of k(-8)?
2
Let w = -1 + 0. Let h be (3 - 0/w) + 2. Suppose 3*j - 2*x - 21 = -2*j, j - h*x - 18 = 0. List the prime factors of j.
3
Let u(p) = 35*p**2 + 2. Let k be u(-2). Suppose -216 = -4*w + 4*c, -w - 2*c + k = 2*w. List the prime factors of w.
2, 5
Suppose -4*b + 5*w = -32, -4*b = -w - 6 - 10. Suppose 12 = j + b*j - 3*k, j = -5*k + 3. Suppose j*a - 4 - 2 = 0. List the prime factors of a.
2
Suppose 4*j + 2*f - 4 = 0, -3 = -3*j - 3*f + 6. What are the prime factors of (-1 - (j - -1))*-11?
11
Let l(b) = -24*b - 3. List the prime factors of l(-3).
3, 23
Suppose 0 = -4*j + 587 - 79. List the prime factors of j.
127
Let b(l) = 2*l - 12. Let g be b(14). Suppose r - g = 8. List the prime factors of r.
2, 3
Let o(c) = -c + 11. Let d be o(8). Suppose 4*f - 202 = -3*g, 0*f - 5*g - 166 = -d*f. Suppose -4*u + 20 + f = 0. What are the prime factors of u?
2, 3
Suppose -5*k + 2*p - 3*p = -258, -4*k + 5*p + 189 = 0. List the prime factors of k.
3, 17
Suppose 0*t + 2 = t. Suppose t*u - 7 = 13. What are the prime factors of u?
2, 5
Suppose 27 = 4*t + 3*n - 84, 0 = 4*t - 5*n - 103. List the prime factors of t.
3
Suppose 0 = 4*t - 2*t - 20. List the prime factors of (3 + t)*-1*-2.
2, 13
Suppose 2*i - 40 = -4*t, -i - 1 + 3 = 0. Suppose -x - 4*x = -4*l + 107, 3*x + t = 0. What are the prime factors of l?
23
Let u be -3 - -3 - (-4 + 0). Suppose -8 = u*c - 32. Suppose -g = -c*g + 45. List the prime factors of g.
3
Suppose -265*c + 263*c = -594. List the prime factors of c.
3, 11
What are the prime factors of 136/3 - 19/57?
3, 5
Let b = -65 - -118. List the prime factors of b.
53
Let i be (0 - (1 + 1))*1. List the prime factors of 30 - ((-12)/i)/2.
3
Suppose u + 4*d = -5, -2*d = 5*u + d + 25. Let n(b) = -2*b - 7. List the prime factors of n(u).
3
Let z be (-4)/(-12) - (-10)/6. Suppose -14 = -2*a + z. List the prime factors of a.
2
Let h(x) = x**2 - 4*x - 1. Let b be 1/4 + (-45)/(-12). Let a be h(b). What are the prime factors of (-30)/4*2*a?
3, 5
Let s(i) = i**3 - 7*i**2 + 2*i + 47. What are the prime factors of s(9)?
227
Let p(q) = -11*q + 13. List the prime factors of p(-9).
2, 7
Suppose 4*t - 2*t = 2. Let c = t - -12. List the prime factors of c.
13
Suppose 0 = 4*w - 8*w + 500. List the prime factors of (-6)/(-4) - w/(-10).
2, 7
Suppose -5*d - 2*p - 86 = -887, 2*d = 3*p + 309. List the prime factors of d.
3, 53
Let w(p) = p**2 - 3*p + 7. Let t(h) = -h**3 + 4*h**2 + 2*h - 2. Let j be t(4). Let b be w(j). Suppose -3*n = 4 - b. List the prime factors of n.
7
Suppose 22 - 8 = 2*q. Suppose -q = -b - 4. Suppose b*c - 3 = 33. List the prime factors of c.
2, 3
Let k(y) = -y**2 + 16*y - 10. List the prime factors of k(10).
2, 5
Let s be 44/5 